pose -5*a = -32 + 2. Suppose -4*m + a = -138. Let l = m - 22. What is the tens digit of l?
1
Let f be 9 - ((-4)/(-4) - -1). Suppose -3*d = 2*q + 3*q + 1, f = 5*q - d. Suppose q = 3*s - 5. What is the units digit of s?
2
Suppose -2*u - 2600 = -6*u. Suppose -50*t = -48*t - u. What is the hundreds digit of t?
3
Suppose 13*a - 4*a - 5139 = 0. What is the tens digit of a?
7
Let w(h) = h**2 + h. Let p be w(1). Suppose r + p*r + 18 = 0. What is the units digit of (r/(-4))/(7/42)?
9
Suppose -5*p + 1464 = -4*b - 1952, -p = b - 685. What is the units digit of p?
4
Let f(m) = m**3 - 10*m**2 + 12*m + 6. Let j = 46 - 37. What is the tens digit of f(j)?
3
Let u = 6555 - 2613. What is the thousands digit of u?
3
Let u(t) = -t + 1. Let b be u(4). Let o be b/(-6)*-6 + 127. Suppose 2*k = o + 4. What is the units digit of k?
4
Let a(h) = 40*h**3 - 2. What is the tens digit of a(1)?
3
Suppose 0 = -32*c + 24476 + 15748. What is the thousands digit of c?
1
Suppose -3*r - 6 = -5*r. Let i be r + 147 + -1 + -4. Suppose 9*c - 4*c - i = 0. What is the tens digit of c?
2
Suppose -i + 223 = -485. Suppose b + n - 221 = -3*n, -3*b + i = 3*n. What is the hundreds digit of b?
2
Suppose 12 - 6 = -2*w. What is the units digit of w - (-5 + -1)/2 - -116?
6
Suppose q - 3*q - 24 = -5*h, h - 10 = 3*q. Let g be 0 + ((-84)/2)/q. Suppose 3*w - 12 = g. What is the units digit of w?
1
Let c(a) = 6*a - a**3 - 12*a - 42 - 15*a**2 + 28*a. What is the units digit of c(-17)?
2
Let w(o) = 67*o**3 - 2*o**2 + 4*o + 5. Let p(i) = 67*i**3 - 2*i**2 + 3*i + 4. Let d(r) = 4*p(r) - 3*w(r). What is the tens digit of d(1)?
6
Let o be ((-80)/(-50))/(4/430). Suppose -h - h + o = 0. What is the tens digit of h?
8
Let z(y) = -20*y - 8. Suppose 0 = w + 6 - 1. What is the tens digit of z(w)?
9
Let t(j) = -51*j**2 - j - 1. Let f be t(-1). Let b = 252 + f. What is the hundreds digit of b?
2
Suppose -5*j + 995 = i, 0*i - 985 = -5*j + i. What is the units digit of j?
8
Let r = -1066 + 1565. What is the tens digit of r?
9
Let u = -22 + 38. Suppose u = 8*h - 4*h. Let n = h - -3. What is the units digit of n?
7
Suppose l - 2022 = -2*l. What is the tens digit of l?
7
Let n = 143 - -1. Let v = -25 + n. What is the units digit of v?
9
Let z be ((-18)/(-15))/(4/(-10)). Let g(k) = k**2 - k - 2. Let y be g(z). What is the units digit of 254/y + (-12)/(-20)?
6
Let x = -2090 - -3793. What is the thousands digit of x?
1
Let j(q) be the third derivative of q**5/60 + q**4/24 - 7*q**3/6 + 153*q**2. Suppose -2*h + 24 = -6*h. What is the tens digit of j(h)?
2
Let w = 14 + -6. Suppose w*d - 33 = 7*d. What is the units digit of d?
3
Let s = 140 - 27. Let m(f) = 78*f**2 + f - 1. Let r be m(1). Let z = s - r. What is the tens digit of z?
3
Let i = 2363 + 1260. What is the hundreds digit of i?
6
Let v be (-3)/(-2)*4/3. Suppose -x + 5*o = 6, -4*x + 18 = -v*x + 5*o. Suppose 0*c + 84 = x*c. What is the units digit of c?
1
Let j be 738/108 + 2/12. Suppose -5*z - 50 = -4*w, -4*z = -j + 15. What is the units digit of w?
0
Let r be (-2 + 0)/1 - 33. Let p be 14/r + (-236)/10. Let j = 3 - p. What is the tens digit of j?
2
Let k(h) = 3*h - 24. Let l be k(8). Suppose 3*f - 12 - 18 = l. What is the tens digit of f?
1
Suppose 0 = 5*g - 6 - 19, 3*y = 3*g - 27. Let k(p) = p**3 + 5*p**2 - 4*p - 10. What is the units digit of k(y)?
2
Let a be -2*3/((-18)/2883). Suppose 5*i + 301 - a = 0. Suppose 6*b = 2*b + i. What is the tens digit of b?
3
Let y(s) = -453*s**3 - 2*s**2 - 3*s - 1. What is the hundreds digit of y(-1)?
4
Let i(f) = 6*f**3 + f**2 - 4*f + 3. Let z be i(1). Suppose -u - z = -9. Suppose -8*n = -u*n - 50. What is the units digit of n?
0
Suppose 0 = -2*v - 4*m + 1238, 4*v + 13*m = 11*m + 2446. What is the tens digit of v?
0
Suppose 6*r - 216 - 1686 = 0. What is the hundreds digit of r?
3
Let d = 16 + -24. What is the units digit of (-4 + d)*7/(-2)?
2
Suppose i - 487 = -2*b, -1957 = -3*i - i + b. What is the tens digit of i?
8
Suppose -2*s + 3*s - 1 = 0, -3*d = -5*s - 4. Let o(m) = 42*m + 1. Let k be o(2). Suppose -d*y + k = 3*r - 62, -147 = -3*y + r. What is the units digit of y?
9
Let d(f) = -6*f - 11*f - 6 + f**2 + 4 - 2. What is the units digit of d(-7)?
4
Let x(m) = m**3 + 8*m**2 - 2*m - 12. Let i(a) = a**3 - 8. Let o be i(0). Let j be x(o). Suppose 0 = -3*y + 2*y + j. What is the units digit of y?
4
Suppose 40*u = 66234 + 19406. What is the hundreds digit of u?
1
Let m be 10 - -2 - (1 - -1). What is the units digit of ((-16)/(-3))/(m/120)?
4
Suppose -100438 + 14486 = -34*u. What is the units digit of u?
8
Let m(b) = -b - 1. Let j(g) = 2*g + 9. Let f(n) = -j(n) - 3*m(n). Let t be f(-6). Let d(y) = y**3 + 13*y**2 + 11*y + 18. What is the tens digit of d(t)?
3
Suppose 3*p - 324 = 3*a, a - 4*a + 201 = 2*p. What is the hundreds digit of p?
1
Let f = 55 - 37. What is the units digit of 6/f + 2 + (-40)/(-6)?
9
Let k(o) = -o**3 + 6*o**2 + o - 1. Let t be k(6). Let q be t/3 + (-1)/(-3). Suppose -q*x = -0*s - 3*s - 54, 5*s + 135 = 5*x. What is the tens digit of x?
2
Suppose -a = 2*a - 9. Let p(r) = -r. Let m(g) = -5*g + 23. Let f(n) = a*p(n) - m(n). What is the units digit of f(16)?
9
Let v be ((-6)/15)/((-1)/(-170)). Let h be (-30)/(-20)*v/(-6). Let w(n) = -n**2 + 19*n + 4. What is the units digit of w(h)?
8
Let d(o) = -2*o**3 + 4*o**2 + o - 2. Let l be d(-4). Suppose -4*t + 214 = -l. What is the hundreds digit of t?
1
Let y(i) = -i**3 + 18*i**2 + 8*i - 19. Let s be y(13). Let p = s + -586. What is the units digit of p?
4
Let a(t) be the first derivative of 2*t**2 + 99*t + 10. What is the tens digit of a(0)?
9
Suppose 5*p - 999 = 2226. Suppose -5*a - 2*o = -7*o - p, 3*a - 4*o = 383. Suppose 0 = -3*x - 5*w + a - 51, 2*x = w + 33. What is the units digit of x?
9
Let l(d) = 2*d - 12. Let k be l(7). Suppose -p - 3*o = -8, 31 = 2*p + k*o - 1. What is the units digit of (-2)/((p/(-32))/5)?
6
Let n(a) = 60*a**2 - a - 9. What is the units digit of n(-6)?
7
Suppose 4*z - 2*a - 3 + 25 = 0, 5*a - 3 = -3*z. What is the units digit of z/(-22) + (-1008)/(-22)?
6
Suppose -12 = -7*k + 4*k. Let d be ((-28)/(-42))/(2/6). Suppose -2*j - d*j + k = 0. What is the units digit of j?
1
Let r = 483 + 4347. What is the tens digit of r?
3
Let g(b) = b**3 - b**2 - 8*b - 5. Let h be g(7). Suppose h = -5*m + 718. What is the units digit of m?
7
Let h = 49 - -37. Suppose 103 + h = 9*o. What is the units digit of o?
1
Let y be 3 - (16/40 + (-21201)/15). What is the tens digit of (-1)/((-6)/y)*2/4?
1
Let b(q) = 77*q**3 - q**2 + 6*q - 4. What is the units digit of b(3)?
4
Let a(x) = x**3 + 27*x**2 + 10*x + 15. What is the units digit of a(-13)?
1
Let s(c) = 556*c**2 + c. Let d be s(-1). Suppose -2*b + 206 + 713 = 5*u, 3*u + 3*b = d. What is the tens digit of u?
8
Let u(s) = -s**2 + 45*s - 415. What is the tens digit of u(29)?
4
Suppose -5*l = 3*w - 514, -5*w - 33 = -5*l - 903. Let t = w - 124. What is the units digit of t?
9
Suppose -7*u + 2694 = -21876. What is the units digit of u?
0
Suppose -11*z + 14*z - 12 = 0. Suppose -152 + z = -4*l. What is the units digit of l?
7
Let x = 66 - -1. What is the units digit of x?
7
Let w = -1233 + 1515. What is the hundreds digit of w?
2
Suppose -72*y = -74*y + g + 2838, 2*y = -2*g + 2826. What is the units digit of y?
7
Let b = -31 - -33. Suppose 4*u - 96 = -b*c - 3*c, 0 = 5*c - 3*u - 103. What is the units digit of c?
0
Let i(g) = -g**3 - 4*g**2 - 3*g - 4. Let x be i(-4). Let h be ((-690)/(-9))/(x/36). What is the units digit of 15/(-10) - h/(-6)?
6
Let m be (-76)/8 + 1/(-2). Let l(a) be the second derivative of -a**5/20 - 3*a**4/4 + 3*a**3/2 + 12*a**2 - 10*a. What is the tens digit of l(m)?
3
Let h = -27 - -49. Let z be 1/(-3) - (-20)/6. Suppose 5*q = z + h. What is the units digit of q?
5
Suppose 2*w = 5*g + 723, -2*w + g + 354 = -w. What is the units digit of w?
9
Let x(z) = 21*z**2 + 14*z**3 - 18*z - 13*z**3 - 6*z**2 - 4. Let q be x(-16). Suppose -16*k = -14*k - q. What is the tens digit of k?
1
Suppose -25 = -5*a, -6*a = 2*y + 3*y - 13925. What is the hundreds digit of y?
7
Suppose l - 34 = -3*c, 150 - 30 = 4*l + 4*c. Suppose -f + 55 = -l. What is the units digit of f?
3
Let q(s) = s**3 + 10*s**2 + 12*s + 8. Let b be q(-8). Suppose g = 0, 5*d - 2*g = -0*d + b. What is the units digit of d?
8
Let z(u) be the third derivative of 0*